ded by 32.
8
What is the remainder when 147 is divided by 120?
27
What is the remainder when 626 is divided by 44?
10
Calculate the remainder when 1668 is divided by 209.
205
Calculate the remainder when 755 is divided by 85.
75
Calculate the remainder when 51 is divided by 21.
9
What is the remainder when 125 is divided by 3?
2
Calculate the remainder when 163 is divided by 59.
45
What is the remainder when 61 is divided by 19?
4
What is the remainder when 191 is divided by 108?
83
What is the remainder when 177 is divided by 31?
22
Calculate the remainder when 1149 is divided by 36.
33
What is the remainder when 2255 is divided by 23?
1
What is the remainder when 2393 is divided by 24?
17
What is the remainder when 807 is divided by 8?
7
Calculate the remainder when 78 is divided by 16.
14
What is the remainder when 533 is divided by 176?
5
Calculate the remainder when 215 is divided by 78.
59
Calculate the remainder when 73 is divided by 19.
16
Calculate the remainder when 3146 is divided by 25.
21
What is the remainder when 15 is divided by 13?
2
What is the remainder when 845 is divided by 8?
5
What is the remainder when 1149 is divided by 229?
4
What is the remainder when 8 is divided by 5?
3
What is the remainder when 36 is divided by 20?
16
Calculate the remainder when 265 is divided by 38.
37
What is the remainder when 461 is divided by 21?
20
Calculate the remainder when 1541 is divided by 17.
11
Calculate the remainder when 1896 is divided by 56.
48
What is the remainder when 550 is divided by 171?
37
What is the remainder when 79 is divided by 16?
15
Calculate the remainder when 693 is divided by 12.
9
What is the remainder when 1479 is divided by 38?
35
What is the remainder when 1847 is divided by 33?
32
Calculate the remainder when 3279 is divided by 181.
21
What is the remainder when 368 is divided by 62?
58
What is the remainder when 283 is divided by 96?
91
What is the remainder when 367 is divided by 37?
34
What is the remainder when 53560 is divided by 19?
18
What is the remainder when 202 is divided by 29?
28
Calculate the remainder when 438 is divided by 52.
22
Calculate the remainder when 164 is divided by 44.
32
What is the remainder when 1117 is divided by 24?
13
Calculate the remainder when 1436 is divided by 329.
120
Calculate the remainder when 880 is divided by 60.
40
What is the remainder when 987 is divided by 13?
12
Calculate the remainder when 500 is divided by 164.
8
Calculate the remainder when 1293 is divided by 116.
17
Calculate the remainder when 518 is divided by 65.
63
Calculate the remainder when 97 is divided by 34.
29
Calculate the remainder when 138 is divided by 91.
47
What is the remainder when 525 is divided by 22?
19
What is the remainder when 3362 is divided by 153?
149
Calculate the remainder when 170 is divided by 21.
2
Calculate the remainder when 687 is divided by 53.
51
What is the remainder when 196 is divided by 25?
21
Calculate the remainder when 394 is divided by 10.
4
Calculate the remainder when 258 is divided by 53.
46
Calculate the remainder when 58 is divided by 7.
2
What is the remainder when 25 is divided by 18?
7
Calculate the remainder when 468 is divided by 214.
40
What is the remainder when 52 is divided by 45?
7
Calculate the remainder when 3509 is divided by 117.
116
What is the remainder when 74 is divided by 28?
18
What is the remainder when 8814 is divided by 19?
17
Calculate the remainder when 4336 is divided by 14.
10
Calculate the remainder when 2113 is divided by 45.
43
What is the remainder when 539 is divided by 79?
65
Calculate the remainder when 610 is divided by 73.
26
Calculate the remainder when 1661 is divided by 59.
9
Calculate the remainder when 319 is divided by 27.
22
Calculate the remainder when 3279 is divided by 1088.
15
What is the remainder when 649 is divided by 133?
117
Calculate the remainder when 19 is divided by 9.
1
What is the remainder when 83 is divided by 14?
13
Calculate the remainder when 815 is divided by 403.
9
What is the remainder when 1832 is divided by 909?
14
Calculate the remainder when 27 is divided by 22.
5
What is the remainder when 2390 is divided by 306?
248
What is the remainder when 44 is divided by 20?
4
Calculate the remainder when 375 is divided by 63.
60
Calculate the remainder when 2309 is divided by 105.
104
What is the remainder when 268 is divided by 39?
34
What is the remainder when 734 is divided by 123?
119
What is the remainder when 3685 is divided by 8?
5
Calculate the remainder when 25 is divided by 15.
10
Calculate the remainder when 14 is divided by 11.
3
What is the remainder when 375 is divided by 8?
7
What is the remainder when 682 is divided by 18?
16
What is the remainder when 775 is divided by 21?
19
What is the remainder when 1685 is divided by 59?
33
What is the remainder when 277 is divided by 93?
91
What is the remainder when 284 is divided by 83?
35
What is the remainder when 334 is divided by 20?
14
What is the remainder when 4935 is divided by 27?
21
What is the remainder when 301 is divided by 108?
85
Calculate the remainder when 508 is divided by 86.
78
Calculate the remainder when 214 is divided by 40.
14
Calculate the remainder when 143 is divided by 64.
15
What is the remainder when 838 is divided by 84?
82
Calculate the remainder when 341 is divided by 19.
18
Calculate the remainder when 155 is divided by 39.
38
Calculate the remainder when 716 is divided by 72.
68
What is the remainder when 2429 is divided by 32?
29
What is the remainder when 315 is divided by 287?
28
Calculate the remainder when 175 is divided by 23.
14
What is the remainder when 285 is divided by 36?
33
Calculate the remainder when 901 is divided by 452.
449
Calculate the remainder when 1884 is divided by 23.
21
Calculate the remainder when 152 is divided by 26.
22
Calculate the remainder when 5662 is divided by 96.
94
What is the remainder when 259 is divided by 90?
79
What is the remainder when 104 is divided by 39?
26
Calculate the remainder when 62 is divided by 33.
29
Calculate the remainder when 187 is divided by 52.
31
What is the remainder when 10698 is divided by 100?
98
What is the remainder when 177 is divided by 30?
27
Calculate the remainder when 1126 is divided by 94.
92
Calculate the remainder when 585 is divided by 70.
25
Calculate the remainder when 93 is divided by 41.
11
What is the remainder when 567 is divided by 150?
117
What is the remainder when 456 is divided by 5?
1
Calculate the remainder when 640 is divided by 210.
10
What is the remainder when 3252 is divided by 76?
60
What is the remainder when 698 is divided by 25?
23
Calculate the remainder when 195 is divided by 42.
27
Calculate the remainder when 33 is divided by 7.
5
What is the remainder when 2065 is divided by 28?
21
Calculate the remainder when 418 is divided by 71.
63
Calculate the remainder when 3296 is divided by 97.
95
What is the remainder when 868 is divided by 226?
190
What is the remainder when 274 is divided by 14?
8
Calculate the remainder when 17 is divided by 15.
2
Calculate the remainder when 340 is divided by 38.
36
What is the remainder when 47 is divided by 8?
7
What is the remainder when 101 is divided by 23?
9
What is the remainder when 2902 is divided by 22?
20
What is the remainder when 2972 is divided by 85?
82
What is the remainder when 276 is divided by 37?
17
What is the remainder when 119 is divided by 54?
11
Calculate the remainder when 3540 is divided by 92.
44
What is the remainder when 142 is divided by 84?
58
Calculate the remainder when 3037 is divided by 76.
73
Calculate the remainder when 216 is divided by 76.
64
What is the remainder when 25557 is divided by 72?
69
Calculate the remainder when 204 is divided by 41.
40
What is the remainder when 50 is divided by 4?
2
Calculate the remainder when 108 is divided by 41.
26
What is the remainder when 425 is divided by 141?
2
What is the remainder when 155 is divided by 13?
12
Calculate the remainder when 2545 is divided by 2540.
5
Calculate the remainder when 1150 is divided by 282.
22
What is the remainder when 137 is divided by 50?
37
Calculate the remainder when 8891 is divided by 171.
170
Calculate the remainder when 90 is divided by 34.
22
What